{"id":265,"date":"2023-11-05T19:19:15","date_gmt":"2023-11-05T18:19:15","guid":{"rendered":"https:\/\/lacoste.link\/?page_id=265"},"modified":"2023-12-30T17:57:12","modified_gmt":"2023-12-30T16:57:12","slug":"blinky","status":"publish","type":"page","link":"https:\/\/lacoste.link\/index.php\/blinky\/","title":{"rendered":"Blinky"},"content":{"rendered":"<p>Le mini-projet Blinky est parti d&rsquo;un besoin tout simple : Un truc qui flashe toute la nuit de mani\u00e8re assez visible pour retrouver sa bou\u00e9e de mouillage voire son bateau, aliment\u00e9 uniquement par un petit panneau solaire et sans batterie pour avoir une dur\u00e9e de vie de pas mal d&rsquo;ann\u00e9es. Ca peut para\u00eetre simple, mais si l&rsquo;on veut que cela fonctionne toute la nuit m\u00eame en hiver quand les heures d&rsquo;ensoleillement sont peu nombreuses ce n&rsquo;est pas si \u00e9vident que \u00e7a \u00e0 concevoir&#8230;<\/p>\n<p>Ayant abouti \u00e0 une solution un peu originale sur le plan \u00e9lectronique, je me permet de vous la partager. Le sch\u00e9ma est celui l\u00e0, avec une petite simulation Spice :<\/p>\n<p><a href=\"http:\/\/lacoste.link\/wp-content\/uploads\/2023\/12\/blink-2.bmp\"><img loading=\"lazy\" decoding=\"async\" class=\"alignnone size-full wp-image-332\" src=\"http:\/\/lacoste.link\/wp-content\/uploads\/2023\/12\/blink-2.bmp\" alt=\"\" width=\"2021\" height=\"1421\" srcset=\"https:\/\/lacoste.link\/wp-content\/uploads\/2023\/12\/blink-2.bmp 2021w, https:\/\/lacoste.link\/wp-content\/uploads\/2023\/12\/blink-2-300x211.jpg 300w, https:\/\/lacoste.link\/wp-content\/uploads\/2023\/12\/blink-2-1024x720.jpg 1024w, https:\/\/lacoste.link\/wp-content\/uploads\/2023\/12\/blink-2-768x540.jpg 768w, https:\/\/lacoste.link\/wp-content\/uploads\/2023\/12\/blink-2-640x450.jpg 640w, https:\/\/lacoste.link\/wp-content\/uploads\/2023\/12\/blink-2-711x500.jpg 711w, https:\/\/lacoste.link\/wp-content\/uploads\/2023\/12\/blink-2-1536x1080.jpg 1536w\" sizes=\"(max-width: 767px) 89vw, (max-width: 1000px) 54vw, (max-width: 1071px) 543px, 580px\" \/><\/a><\/p>\n<p>Alors dans le d\u00e9tail comment \u00e7a marche ?<\/p>\n<ul>\n<li>Un mini panneau solaire de 6x6cm charge via une diode shottky (D7) deux supercaps de 10F en s\u00e9rie. Des zeners de 2,7V (D1\/D2) veille \u00e0 l&rsquo;\u00e9quilibrage de leurs tensions en fin de charge<\/li>\n<li>Un condensateur auxiliaire de 680uF (C4) se charge tranquillement via R1. D\u00e8s que sa tension d\u00e9passe 5V, le comparateur \u00e0 hysteresis LTC1540 (U1) change d&rsquo;\u00e9tat et d\u00e9charge rapidement C4 via trois LEDs \u00e0 haut rendement et le MOSFET Q1, ce qui fait un beau flash. Le r\u00e9seau C4\/R5\/D8\/D6 permet de maintenir l&rsquo;impulsion pendant le flash.<\/li>\n<li>Quand la tension de C4 atteint 3,4V, U1 rebascule et le cycle recommence<\/li>\n<\/ul>\n<p>Avec cette approche, l&rsquo;avantage est que le rythme de clignotement s&rsquo;adapte automatiquement \u00e0 l&rsquo;\u00e9nergie disponible : En d\u00e9but de nuit les super caps sont bienc harg\u00e9es et on a un clignotement toutes les 3s approximativement, alors qu&rsquo;en fin de nuit c&rsquo;est plut\u00f4t 7-8s, mais les flashs restent quasiment de la m\u00eame intensit\u00e9.<\/p>\n<p>Allez, un circuit imprim\u00e9 pour ceux qui voudraient tester la chose :<\/p>\n<p><img loading=\"lazy\" decoding=\"async\" class=\"alignnone size-full wp-image-333\" src=\"http:\/\/lacoste.link\/wp-content\/uploads\/2023\/12\/pcb_blik.jpg\" alt=\"\" width=\"602\" height=\"624\" srcset=\"https:\/\/lacoste.link\/wp-content\/uploads\/2023\/12\/pcb_blik.jpg 602w, https:\/\/lacoste.link\/wp-content\/uploads\/2023\/12\/pcb_blik-289x300.jpg 289w, https:\/\/lacoste.link\/wp-content\/uploads\/2023\/12\/pcb_blik-463x480.jpg 463w, https:\/\/lacoste.link\/wp-content\/uploads\/2023\/12\/pcb_blik-482x500.jpg 482w\" sizes=\"(max-width: 602px) 100vw, 602px\" \/><\/p>\n<p>Enfin le tout est libre de droit, disons que c&rsquo;est du \u00ab\u00a0open hardware\u00a0\u00bb au sens de la licence CERN OHL-S ;+). Les Gerbers et le source de la CAO (Proteus V7) sont l\u00e0 :<\/p>\n<p><a href=\"http:\/\/lacoste.link\/wp-content\/uploads\/2023\/12\/blink-2-CADCAM.zip\">blink 2 &#8211; CADCAM<\/a><\/p>\n<p><a href=\"http:\/\/lacoste.link\/wp-content\/uploads\/2023\/12\/blink-2-proteus-CAD.zip\">blink 2 proteus CAD<\/a><\/p>\n<p>Ah, de mon cot\u00e9 j&rsquo;ai mis la chose dans un boitier transparent bricol\u00e9 avec un fond de boite de Benco, mais vous pouvez faire plus joli si vous voulez ;+)<\/p>\n<p><img loading=\"lazy\" decoding=\"async\" class=\"alignnone size-large wp-image-338\" src=\"http:\/\/lacoste.link\/wp-content\/uploads\/2023\/12\/IMG_1412-1024x768.jpg\" alt=\"\" width=\"525\" height=\"394\" srcset=\"https:\/\/lacoste.link\/wp-content\/uploads\/2023\/12\/IMG_1412-1024x768.jpg 1024w, https:\/\/lacoste.link\/wp-content\/uploads\/2023\/12\/IMG_1412-300x225.jpg 300w, https:\/\/lacoste.link\/wp-content\/uploads\/2023\/12\/IMG_1412-768x576.jpg 768w, https:\/\/lacoste.link\/wp-content\/uploads\/2023\/12\/IMG_1412-640x480.jpg 640w, https:\/\/lacoste.link\/wp-content\/uploads\/2023\/12\/IMG_1412-667x500.jpg 667w, https:\/\/lacoste.link\/wp-content\/uploads\/2023\/12\/IMG_1412-1536x1152.jpg 1536w, https:\/\/lacoste.link\/wp-content\/uploads\/2023\/12\/IMG_1412-2048x1536.jpg 2048w\" sizes=\"(max-width: 525px) 100vw, 525px\" \/><\/p>\n","protected":false},"excerpt":{"rendered":"<p>Le mini-projet Blinky est parti d&rsquo;un besoin tout simple : Un truc qui flashe toute la nuit de mani\u00e8re assez visible pour retrouver sa bou\u00e9e de mouillage voire son bateau, aliment\u00e9 uniquement par un petit panneau solaire et sans batterie pour avoir une dur\u00e9e de vie de pas mal d&rsquo;ann\u00e9es. Ca peut para\u00eetre simple, mais &hellip; <\/p>\n<p class=\"link-more\"><a href=\"https:\/\/lacoste.link\/index.php\/blinky\/\" class=\"more-link\">Continuer la lecture<span class=\"screen-reader-text\"> de &laquo;&nbsp;Blinky&nbsp;&raquo;<\/span><\/a><\/p>\n","protected":false},"author":1,"featured_media":0,"parent":0,"menu_order":0,"comment_status":"closed","ping_status":"closed","template":"","meta":{"footnotes":""},"class_list":["post-265","page","type-page","status-publish","hentry"],"_links":{"self":[{"href":"https:\/\/lacoste.link\/index.php\/wp-json\/wp\/v2\/pages\/265"}],"collection":[{"href":"https:\/\/lacoste.link\/index.php\/wp-json\/wp\/v2\/pages"}],"about":[{"href":"https:\/\/lacoste.link\/index.php\/wp-json\/wp\/v2\/types\/page"}],"author":[{"embeddable":true,"href":"https:\/\/lacoste.link\/index.php\/wp-json\/wp\/v2\/users\/1"}],"replies":[{"embeddable":true,"href":"https:\/\/lacoste.link\/index.php\/wp-json\/wp\/v2\/comments?post=265"}],"version-history":[{"count":4,"href":"https:\/\/lacoste.link\/index.php\/wp-json\/wp\/v2\/pages\/265\/revisions"}],"predecessor-version":[{"id":339,"href":"https:\/\/lacoste.link\/index.php\/wp-json\/wp\/v2\/pages\/265\/revisions\/339"}],"wp:attachment":[{"href":"https:\/\/lacoste.link\/index.php\/wp-json\/wp\/v2\/media?parent=265"}],"curies":[{"name":"wp","href":"https:\/\/api.w.org\/{rel}","templated":true}]}}