{"id":247,"date":"2023-11-05T19:06:59","date_gmt":"2023-11-05T18:06:59","guid":{"rendered":"https:\/\/lacoste.link\/?page_id=247"},"modified":"2023-11-05T19:06:59","modified_gmt":"2023-11-05T18:06:59","slug":"configuration-nmea","status":"publish","type":"page","link":"https:\/\/lacoste.link\/index.php\/configuration-nmea\/","title":{"rendered":"Configuration NMEA"},"content":{"rendered":"<p>(\u00e0 compl\u00e9ter ult\u00e9rieurement&#8230;)<\/p>\n","protected":false},"excerpt":{"rendered":"<p>(\u00e0 compl\u00e9ter ult\u00e9rieurement&#8230;)<\/p>\n","protected":false},"author":1,"featured_media":0,"parent":0,"menu_order":0,"comment_status":"closed","ping_status":"closed","template":"","meta":{"footnotes":""},"class_list":["post-247","page","type-page","status-publish","hentry"],"_links":{"self":[{"href":"https:\/\/lacoste.link\/index.php\/wp-json\/wp\/v2\/pages\/247"}],"collection":[{"href":"https:\/\/lacoste.link\/index.php\/wp-json\/wp\/v2\/pages"}],"about":[{"href":"https:\/\/lacoste.link\/index.php\/wp-json\/wp\/v2\/types\/page"}],"author":[{"embeddable":true,"href":"https:\/\/lacoste.link\/index.php\/wp-json\/wp\/v2\/users\/1"}],"replies":[{"embeddable":true,"href":"https:\/\/lacoste.link\/index.php\/wp-json\/wp\/v2\/comments?post=247"}],"version-history":[{"count":1,"href":"https:\/\/lacoste.link\/index.php\/wp-json\/wp\/v2\/pages\/247\/revisions"}],"predecessor-version":[{"id":248,"href":"https:\/\/lacoste.link\/index.php\/wp-json\/wp\/v2\/pages\/247\/revisions\/248"}],"wp:attachment":[{"href":"https:\/\/lacoste.link\/index.php\/wp-json\/wp\/v2\/media?parent=247"}],"curies":[{"name":"wp","href":"https:\/\/api.w.org\/{rel}","templated":true}]}}