{"id":245,"date":"2023-11-05T19:06:45","date_gmt":"2023-11-05T18:06:45","guid":{"rendered":"https:\/\/lacoste.link\/?page_id=245"},"modified":"2026-04-15T13:35:40","modified_gmt":"2026-04-15T11:35:40","slug":"panneau-solaire","status":"publish","type":"page","link":"https:\/\/lacoste.link\/index.php\/panneau-solaire\/","title":{"rendered":"Panneau solaire"},"content":{"rendered":"<p style=\"text-align: left;\">Nota : Si le th\u00e8me de l&rsquo;\u00e9nergie \u00e0 bord vous interesse, allez donc aussi jeter un oeil \u00e0 ma petite cha\u00eene YouTube o\u00f9 vous trouverez pas mal de videos sur ce th\u00e8me&#8230; donc sur le dimensionnement et l&rsquo;installation de panneaux solaires. C&rsquo;est l\u00e0 :<\/p>\n<p><iframe loading=\"lazy\" title=\"Elec&#039;Sail 04-08 Energie de bord : panneaux solaires\" width=\"525\" height=\"295\" src=\"https:\/\/www.youtube.com\/embed\/PvttgvhUS44?feature=oembed\" frameborder=\"0\" allow=\"accelerometer; autoplay; clipboard-write; encrypted-media; gyroscope; picture-in-picture; web-share\" referrerpolicy=\"strict-origin-when-cross-origin\" allowfullscreen><\/iframe><\/p>\n<p>Le r\u00e9sum\u00e9 de l&rsquo;aventure :<\/p>\n<p style=\"text-align: left;\">Sur le plan \u00e9nerg\u00e9tique, notre Biloup 89 \u00ab\u00a0Belle Histoire\u00a0\u00bb avait depuis son acquisition une petite \u00e9olienne mont\u00e9e sur portique en sus du chargeur de quai et bien s\u00fbr de l\u2019alternateur moteur. Lors des navigations \u00e0 la voile, la seule source \u00e9tait donc l\u2019\u00e9olienne. Celle-ci s\u2019est vite av\u00e9r\u00e9e un peu juste pour alimenter l\u2019\u00e9lectronique\u2026 et id\u00e9alement le r\u00e9frig\u00e9rateur au moins quelques heures par jour. C\u2019\u00e9tait en particulier le cas lors des trajets au portant car le vent relatif est alors souvent trop faible pour que cette vieille \u00e9olienne daigne tourner. J\u2019ai donc ajout\u00e9 un petit panneau solaire sur le portique, afin comme on dit de compl\u00e9ter le mix \u00e9nerg\u00e9tique. Le portique n\u2019\u00e9tant pas bien grand et d\u00e9j\u00e0 encombr\u00e9 par l\u2019\u00e9olienne, le GPS et l\u2019antenne de l\u2019AIS, j\u2019ai s\u00e9lectionn\u00e9 un panneau de 58x51cm. <img loading=\"lazy\" decoding=\"async\" class=\"wp-image-276 aligncenter\" style=\"font-size: 1rem;\" src=\"http:\/\/lacoste.link\/wp-content\/uploads\/2023\/11\/panneau1-300x225.jpg\" alt=\"\" width=\"448\" height=\"336\" srcset=\"https:\/\/lacoste.link\/wp-content\/uploads\/2023\/11\/panneau1-300x225.jpg 300w, https:\/\/lacoste.link\/wp-content\/uploads\/2023\/11\/panneau1.jpg 560w\" sizes=\"(max-width: 448px) 100vw, 448px\" \/><\/p>\n<p>Celui-\u00e7i est donn\u00e9 pour 55W soit un courant de charge th\u00e9orique de 4A sous 14V.\u00a0A ce propos, un petit rappel : la puissance indiqu\u00e9e correspond toujours \u00e0 ce que le panneau peut fournir lorsqu\u2019il \u00e9clair\u00e9 par une irradiation de 1kW\/m\u00b2, ce qui n\u2019arrive qu\u2019au sud, en \u00e9t\u00e9, avec un ciel bleu, avec un panneau bien perpendiculaire au soleil, pas de crottes de go\u00e9land sur le panneau et quelques heures par jour.<\/p>\n<p>Bon, disons que 2 ou 3A est un but raisonnable&#8230; Un tel panneau est vraiment tr\u00e8s bon march\u00e9, je l\u2019ai pay\u00e9 80Eur sur la toile, pas de quoi s\u2019en priver. De m\u00eame, on trouve foultitude de r\u00e9gulateurs solaires dit MPPT\u00a0<em>(plus efficaces que les r\u00e9gulateurs PWM car maximisant le point de fonctionnement c\u2019est \u00e0 dire le courant de charge en fonction de l\u2019\u00e9clairement).\u00a0<\/em>N\u2019\u00e9tant pas certain qu\u2019un mod\u00e8le beaucoup plus cher soit plus fiable, j\u2019ai choisi un r\u00e9gulateur Epever 10A, donc th\u00e9oriquement largement dimensionn\u00e9, vendu moins de 50Eur sur un site web vendant aussi des livres\u2026, et la moiti\u00e9 directement en Asie pour ceux qui sont plus joueurs. Le MPPT est \u00e0 gauche l\u00e0 :<\/p>\n<p><img loading=\"lazy\" decoding=\"async\" class=\"wp-image-277 aligncenter\" src=\"http:\/\/lacoste.link\/wp-content\/uploads\/2023\/11\/panneau6-300x225.jpg\" alt=\"\" width=\"403\" height=\"302\" srcset=\"https:\/\/lacoste.link\/wp-content\/uploads\/2023\/11\/panneau6-300x225.jpg 300w, https:\/\/lacoste.link\/wp-content\/uploads\/2023\/11\/panneau6.jpg 560w\" sizes=\"(max-width: 403px) 100vw, 403px\" \/><\/p>\n<p>Restait \u00e0 fixer le panneau sur le portique. L\u00e0 c\u2019est un peu plus compliqu\u00e9 ou beaucoup plus cher. En effet on trouve bien des supports en inox, certains orientables, faits pour \u00e7a et vendus par nos amis shipchandlers, mais pour un co\u00fbt d\u00e9passant de beaucoup le prix du panneau et de son r\u00e9gulateur.<\/p>\n<p>Fixer directement le panneau sur le portique est possible mais n\u2019est pas tr\u00e8s simple, et interdit de pouvoir l\u2019orienter ce qui r\u00e9duit beaucoup les performances. L\u2019installer \u00e0 l\u2019horizontale a aussi l\u2019inconv\u00e9nient de l\u2019accumulation rapide de salet\u00e9s sur le panneau. J\u2019ai donc bricol\u00e9 un petit support qui s\u2019est av\u00e9r\u00e9 assez pratique.<\/p>\n<p>Mieux qu\u2019un long discours, les photos ci-jointes illustrent la chose, et vous donneront peut \u00eatre des id\u00e9es. Comme mat\u00e9riau, j\u2019ai utilis\u00e9 des chutes de barres de nylon de 85x20mm, achet\u00e9es sur eBay pour quelques euros. L\u2019avantage du nylon c\u2019est \u00e9videmment sa facilit\u00e9 d\u2019usinage et l\u2019absence de risque d\u2019oxydation au contact de l\u2019inox du portique. Cot\u00e9 tenue dans le temps sous les UV on verra bien, mais il n\u2019y a quasiment aucun effort dans cette application.<\/p>\n<p><img loading=\"lazy\" decoding=\"async\" class=\"alignnone wp-image-280\" style=\"font-size: 1rem;\" src=\"http:\/\/lacoste.link\/wp-content\/uploads\/2023\/11\/panneau2-1-300x223.jpg\" alt=\"\" width=\"455\" height=\"338\" srcset=\"https:\/\/lacoste.link\/wp-content\/uploads\/2023\/11\/panneau2-1-300x223.jpg 300w, https:\/\/lacoste.link\/wp-content\/uploads\/2023\/11\/panneau2-1-768x572.jpg 768w, https:\/\/lacoste.link\/wp-content\/uploads\/2023\/11\/panneau2-1-640x477.jpg 640w, https:\/\/lacoste.link\/wp-content\/uploads\/2023\/11\/panneau2-1-671x500.jpg 671w, https:\/\/lacoste.link\/wp-content\/uploads\/2023\/11\/panneau2-1.jpg 925w\" sizes=\"(max-width: 455px) 100vw, 455px\" \/><\/p>\n<p><img loading=\"lazy\" decoding=\"async\" class=\"alignnone size-medium wp-image-279\" src=\"http:\/\/lacoste.link\/wp-content\/uploads\/2023\/11\/panneau3-300x201.jpg\" alt=\"\" width=\"300\" height=\"201\" srcset=\"https:\/\/lacoste.link\/wp-content\/uploads\/2023\/11\/panneau3-300x201.jpg 300w, https:\/\/lacoste.link\/wp-content\/uploads\/2023\/11\/panneau3-768x514.jpg 768w, https:\/\/lacoste.link\/wp-content\/uploads\/2023\/11\/panneau3-640x428.jpg 640w, https:\/\/lacoste.link\/wp-content\/uploads\/2023\/11\/panneau3-747x500.jpg 747w, https:\/\/lacoste.link\/wp-content\/uploads\/2023\/11\/panneau3.jpg 922w\" sizes=\"(max-width: 300px) 100vw, 300px\" \/><img loading=\"lazy\" decoding=\"async\" class=\"alignnone size-medium wp-image-281\" style=\"font-size: 1rem;\" src=\"http:\/\/lacoste.link\/wp-content\/uploads\/2023\/11\/panneau4-300x213.jpg\" alt=\"\" width=\"300\" height=\"213\" srcset=\"https:\/\/lacoste.link\/wp-content\/uploads\/2023\/11\/panneau4-300x213.jpg 300w, https:\/\/lacoste.link\/wp-content\/uploads\/2023\/11\/panneau4-768x545.jpg 768w, https:\/\/lacoste.link\/wp-content\/uploads\/2023\/11\/panneau4-640x454.jpg 640w, https:\/\/lacoste.link\/wp-content\/uploads\/2023\/11\/panneau4-705x500.jpg 705w, https:\/\/lacoste.link\/wp-content\/uploads\/2023\/11\/panneau4.jpg 922w\" sizes=\"(max-width: 300px) 100vw, 300px\" \/><\/p>\n<p>Comme illustr\u00e9, deux pi\u00e8ces de nylon sont fix\u00e9es sur le panneau par quelques boulons inox A4, deux autres sont fix\u00e9es sur le portique par deux U en inox, et l\u2019ensemble est solidaris\u00e9 et articul\u00e9 par un axe r\u00e9alis\u00e9 avec une tige filet\u00e9e \u00e9galement en inox. Quelques \u00e9crous, quatre petits bouts pour r\u00e9gler l\u2019inclinaison et voil\u00e0.<\/p>\n<p>Vous trouverez ci-joint les plans que j\u2019ai utilis\u00e9, \u00e0 adapter bien s\u00fbr en fonction de la taille du panneau et du portique. L\u2019installation a \u00e9t\u00e9 r\u00e9alis\u00e9e en quelques heures, le plus compliqu\u00e9 \u00e9tant de faire passer les fils dans les tubes du portique puis dans le bateau !\u00a0\u00a0Le r\u00e9gulateur MPPT a trouv\u00e9 sa place sous la table \u00e0 carte, reli\u00e9 en parall\u00e8le de la sortie \u00ab servitude \u00bb du chargeur de quai avec un fusible de protection au cas o\u00f9.<\/p>\n<p><img loading=\"lazy\" decoding=\"async\" class=\"alignnone wp-image-282\" src=\"http:\/\/lacoste.link\/wp-content\/uploads\/2023\/11\/panneau7-300x201.jpg\" alt=\"\" width=\"513\" height=\"344\" srcset=\"https:\/\/lacoste.link\/wp-content\/uploads\/2023\/11\/panneau7-300x201.jpg 300w, https:\/\/lacoste.link\/wp-content\/uploads\/2023\/11\/panneau7-768x515.jpg 768w, https:\/\/lacoste.link\/wp-content\/uploads\/2023\/11\/panneau7-640x429.jpg 640w, https:\/\/lacoste.link\/wp-content\/uploads\/2023\/11\/panneau7-745x500.jpg 745w, https:\/\/lacoste.link\/wp-content\/uploads\/2023\/11\/panneau7.jpg 954w\" sizes=\"(max-width: 513px) 100vw, 513px\" \/><\/p>\n<p>Bilan apr\u00e8s 2 mois de navigation estivale en Bretagne nord et en Angleterre (mais sous le soleil le plus souvent, comme quoi\u2026)\u00a0? Avec ce petit panneau solaire et l\u2019\u00e9olienne, les batteries de servitude (100Ah) ne se sont d\u00e9charg\u00e9es quasiment jamais, et ce avec le r\u00e9frig\u00e9rateur tout le temps allum\u00e9 en sus du lecteur de cartes, de la VHF, du transpondeur AIS, du multiplexeur NMEA\/wifi, etc.<\/p>\n<p>Avec le pilote automatique une petite d\u00e9charge est en g\u00e9n\u00e9ral visible, mais je suis toujours rest\u00e9 \u00e0 plus de 90\u00a0% de charge apr\u00e8s une journ\u00e9e de mer et j\u2019aurai pu \u00e9teindre le r\u00e9frig\u00e9rateur mais l\u2019ap\u00e9ro du soir aurait \u00e9t\u00e9 moins agr\u00e9able.<\/p>\n<p>Que du bonheur donc\u00a0!<\/p>\n","protected":false},"excerpt":{"rendered":"<p>Nota : Si le th\u00e8me de l&rsquo;\u00e9nergie \u00e0 bord vous interesse, allez donc aussi jeter un oeil \u00e0 ma petite cha\u00eene YouTube o\u00f9 vous trouverez pas mal de videos sur ce th\u00e8me&#8230; donc sur le dimensionnement et l&rsquo;installation de panneaux solaires. C&rsquo;est l\u00e0 : Le r\u00e9sum\u00e9 de l&rsquo;aventure : Sur le plan \u00e9nerg\u00e9tique, notre Biloup &hellip; <\/p>\n<p class=\"link-more\"><a href=\"https:\/\/lacoste.link\/index.php\/panneau-solaire\/\" class=\"more-link\">Continuer la lecture<span class=\"screen-reader-text\"> de &laquo;&nbsp;Panneau solaire&nbsp;&raquo;<\/span><\/a><\/p>\n","protected":false},"author":1,"featured_media":0,"parent":0,"menu_order":0,"comment_status":"closed","ping_status":"closed","template":"","meta":{"footnotes":""},"class_list":["post-245","page","type-page","status-publish","hentry"],"_links":{"self":[{"href":"https:\/\/lacoste.link\/index.php\/wp-json\/wp\/v2\/pages\/245"}],"collection":[{"href":"https:\/\/lacoste.link\/index.php\/wp-json\/wp\/v2\/pages"}],"about":[{"href":"https:\/\/lacoste.link\/index.php\/wp-json\/wp\/v2\/types\/page"}],"author":[{"embeddable":true,"href":"https:\/\/lacoste.link\/index.php\/wp-json\/wp\/v2\/users\/1"}],"replies":[{"embeddable":true,"href":"https:\/\/lacoste.link\/index.php\/wp-json\/wp\/v2\/comments?post=245"}],"version-history":[{"count":6,"href":"https:\/\/lacoste.link\/index.php\/wp-json\/wp\/v2\/pages\/245\/revisions"}],"predecessor-version":[{"id":383,"href":"https:\/\/lacoste.link\/index.php\/wp-json\/wp\/v2\/pages\/245\/revisions\/383"}],"wp:attachment":[{"href":"https:\/\/lacoste.link\/index.php\/wp-json\/wp\/v2\/media?parent=245"}],"curies":[{"name":"wp","href":"https:\/\/api.w.org\/{rel}","templated":true}]}}