{"id":239,"date":"2023-11-05T19:06:08","date_gmt":"2023-11-05T18:06:08","guid":{"rendered":"https:\/\/lacoste.link\/?page_id=239"},"modified":"2025-12-21T16:40:38","modified_gmt":"2025-12-21T15:40:38","slug":"itineraires-et-escales","status":"publish","type":"page","link":"https:\/\/lacoste.link\/index.php\/itineraires-et-escales\/","title":{"rendered":"Itin\u00e9raires et escales"},"content":{"rendered":"<p>Peut \u00eatre que les itin\u00e9raires de nos vagabondages pourront vous donner des id\u00e9es, voire vous convaincre de vous lancer ? Rien de bien aventureux, mais quand m\u00eame pas mal de miles tous les ans :<\/p>\n<p><strong>Juin-Juillet 2025 : Ballade en mer d&rsquo;Iroise<\/strong><\/p>\n<p>Encore 49 jours sur l&rsquo;eau dont 38j de navigation et 896Nq parcourus \u00e0 la vitesse moyenne de 3,8Nds et 3\/4 du temps \u00e0 la voile. Pas mal de soucis techniques dont des bact\u00e9ries dans le gasoil&#8230; mais du bonheur le reste du temps !<\/p>\n<p>Itin\u00e9raire : La Rochelle (les Minimes) &#8211; Port Bourgenay &#8211; Belle Ile (port Andro) -Les Gl\u00e9nan (St Nicolas) &#8211; Le Guilvinnec &#8211; Loctudy &#8211; Trezcao &#8211; Port Tudy &#8211; Lesconil &#8211; Audierne &#8211; Camaret sur mer (port du Notic) &#8211; Brest (marina du Chateau) &#8211; Portsall &#8211; Roscoff &#8211; Morlaix &#8211; Brignogan &#8211; Aber Wrac&rsquo;h &#8211; Portsall -Camaret sur mer &#8211; Brest (marina du Chateau) &#8211; Morgat &#8211; Brest (Marina du Chateau) &#8211; Camaret sur mer (port du Notic) &#8211; Le Guilvinnec &#8211; Les Gl\u00e9nan (St Nicolas) &#8211; Pont Aven &#8211; Port Tudy &#8211; Quiberon (port Haliguen) &#8211; Hoedic (port de l&rsquo;Argol) &#8211; Le Croisic (chambre des Vases) &#8211; Pornichet &#8211; Noirmoutier (port de l&rsquo;Herbaudi\u00e8re) &#8211;\u00a0 Yeu (port Joinville) &#8211; Les Sables d&rsquo;Olonne (quai Garnier) &#8211;<br \/>\nSt Gilles Croix de Vie &#8211; Yeu (port Joinville) &#8211; Noirmoutier (port de l&rsquo;Herbaudi\u00e8re)<br \/>\nPornichet &#8211; Paimboeuf<\/p>\n<p><img loading=\"lazy\" decoding=\"async\" class=\"alignnone size-full wp-image-374\" src=\"http:\/\/lacoste.link\/wp-content\/uploads\/2025\/12\/iti-total-2025.jpg\" alt=\"\" width=\"700\" height=\"680\" srcset=\"https:\/\/lacoste.link\/wp-content\/uploads\/2025\/12\/iti-total-2025.jpg 700w, https:\/\/lacoste.link\/wp-content\/uploads\/2025\/12\/iti-total-2025-300x291.jpg 300w, https:\/\/lacoste.link\/wp-content\/uploads\/2025\/12\/iti-total-2025-494x480.jpg 494w, https:\/\/lacoste.link\/wp-content\/uploads\/2025\/12\/iti-total-2025-515x500.jpg 515w, https:\/\/lacoste.link\/wp-content\/uploads\/2025\/12\/iti-total-2025-640x622.jpg 640w\" sizes=\"(max-width: 700px) 100vw, 700px\" \/><img loading=\"lazy\" decoding=\"async\" class=\"alignnone size-full wp-image-375\" src=\"http:\/\/lacoste.link\/wp-content\/uploads\/2025\/12\/IMG_4706-scaled.jpg\" alt=\"\" width=\"2560\" height=\"1920\" srcset=\"https:\/\/lacoste.link\/wp-content\/uploads\/2025\/12\/IMG_4706-scaled.jpg 2560w, https:\/\/lacoste.link\/wp-content\/uploads\/2025\/12\/IMG_4706-300x225.jpg 300w, https:\/\/lacoste.link\/wp-content\/uploads\/2025\/12\/IMG_4706-1024x768.jpg 1024w, https:\/\/lacoste.link\/wp-content\/uploads\/2025\/12\/IMG_4706-768x576.jpg 768w, https:\/\/lacoste.link\/wp-content\/uploads\/2025\/12\/IMG_4706-640x480.jpg 640w, https:\/\/lacoste.link\/wp-content\/uploads\/2025\/12\/IMG_4706-667x500.jpg 667w, https:\/\/lacoste.link\/wp-content\/uploads\/2025\/12\/IMG_4706-1536x1152.jpg 1536w, https:\/\/lacoste.link\/wp-content\/uploads\/2025\/12\/IMG_4706-2048x1536.jpg 2048w\" sizes=\"(max-width: 767px) 89vw, (max-width: 1000px) 54vw, (max-width: 1071px) 543px, 580px\" \/><\/p>\n<p><strong>Juin-Juillet 2024 : Ballade en mer d&rsquo;Iroise<\/strong><\/p>\n<p>En deux mots :\u00a035j de mer plus 4 jours d\u2019escales, 834Nq, 3,95Nd de moyenne,<br \/>\n211h de navigation dont 78h au moteur (37%, 132l de gasoil soit 1,7l\/h)<br \/>\n12 journ\u00e9es avec des tas de dauphins\u2026 et un orque probable !<br \/>\nSeulement 12 maquereaux mais aussi une bonite. Et 4 plong\u00e9es \u00ab\u00a0algues\u00a0\u00bb\u2026<br \/>\nUn pilote automatique et une pompe de cale HS, plus quelques travaux de couture sur le lazy bag\u00a0et surtout 13 super \u00e9quipier.e.s !<\/p>\n<p>L&rsquo;itin\u00e9raire : La Rochelle (les Minimes) \u2013 La Tranche sur mer (\u00e9chouage) \u2013 Les Sables d\u2019Olonne (quai Garnier) \u2013 Port la Vie \u2013 Noirmoutier (port du Morin) \u2013 Le Croisic (\u00e9chouage \u00e0 la Chambre des Vases) \u2013 Belle Ile (Le Palais) \u2013 Groix (port Tudy) \u2013 Benodet \u2013 Audierne (Sainte Evette) \u2013 Camaret sur mer \u2013 Aber Ildut \u2013 Aber Wrach \u2013 Roscoff (nouveau port) \u2013 Perros Guirrec \u2013 Port Blanc \u2013 Brehat (La Chambre) \u2013 Treguier \u2013 Lezardrieux \u2013 Trebeurden \u2013 Roscoff (nouveau port) \u2013 Aber Wrach \u2013 Port Sall \u2013 Aber Ildut \u2013 Ouessant (Lampaul) \u2013 Camaret sur mer \u2013 Sein (\u00e9chouage) \u2013 Audierne \u2013 Iles des Gl\u00e9nan (Saint Nicolas) \u2013 Groix (port Tudy) \u2013 Quiberon (port Haliguen) \u2013 Noirmoutier (l\u2019Herbaudi\u00e8re) \u2013 Les Sables d\u2019Olonne (quai Garnier) \u2013 Jard sur mer \u2013 Ars en R\u00e9 \u2013 La Rochelle (les Minimes)<\/p>\n<p><img loading=\"lazy\" decoding=\"async\" class=\"size-full wp-image-367\" src=\"http:\/\/lacoste.link\/wp-content\/uploads\/2024\/11\/biloup2024-iti-low-res-4.jpg\" alt=\"\" width=\"1200\" height=\"1073\" srcset=\"https:\/\/lacoste.link\/wp-content\/uploads\/2024\/11\/biloup2024-iti-low-res-4.jpg 1200w, https:\/\/lacoste.link\/wp-content\/uploads\/2024\/11\/biloup2024-iti-low-res-4-300x268.jpg 300w, https:\/\/lacoste.link\/wp-content\/uploads\/2024\/11\/biloup2024-iti-low-res-4-1024x916.jpg 1024w, https:\/\/lacoste.link\/wp-content\/uploads\/2024\/11\/biloup2024-iti-low-res-4-768x687.jpg 768w, https:\/\/lacoste.link\/wp-content\/uploads\/2024\/11\/biloup2024-iti-low-res-4-537x480.jpg 537w, https:\/\/lacoste.link\/wp-content\/uploads\/2024\/11\/biloup2024-iti-low-res-4-559x500.jpg 559w, https:\/\/lacoste.link\/wp-content\/uploads\/2024\/11\/biloup2024-iti-low-res-4-640x572.jpg 640w\" sizes=\"(max-width: 767px) 89vw, (max-width: 1000px) 54vw, (max-width: 1071px) 543px, 580px\" \/><img loading=\"lazy\" decoding=\"async\" class=\"alignnone size-full wp-image-376\" src=\"http:\/\/lacoste.link\/wp-content\/uploads\/2025\/12\/IMG_0248-scaled.jpeg\" alt=\"\" width=\"2560\" height=\"1920\" srcset=\"https:\/\/lacoste.link\/wp-content\/uploads\/2025\/12\/IMG_0248-scaled.jpeg 2560w, https:\/\/lacoste.link\/wp-content\/uploads\/2025\/12\/IMG_0248-300x225.jpeg 300w, https:\/\/lacoste.link\/wp-content\/uploads\/2025\/12\/IMG_0248-1024x768.jpeg 1024w, https:\/\/lacoste.link\/wp-content\/uploads\/2025\/12\/IMG_0248-768x576.jpeg 768w, https:\/\/lacoste.link\/wp-content\/uploads\/2025\/12\/IMG_0248-640x480.jpeg 640w, https:\/\/lacoste.link\/wp-content\/uploads\/2025\/12\/IMG_0248-667x500.jpeg 667w, https:\/\/lacoste.link\/wp-content\/uploads\/2025\/12\/IMG_0248-1536x1152.jpeg 1536w, https:\/\/lacoste.link\/wp-content\/uploads\/2025\/12\/IMG_0248-2048x1536.jpeg 2048w\" sizes=\"(max-width: 767px) 89vw, (max-width: 1000px) 54vw, (max-width: 1071px) 543px, 580px\" \/><\/p>\n<p><strong>Juin-Aout 2023 : La c\u00f4te atlantique du pays basque espagnol \u00e0 la Bretagne via les \u00eeles et rivi\u00e8res<\/strong><\/p>\n<p>Nos escales pour l&rsquo;itin\u00e9raire sud : La Rochelle \u2013 Ile d&rsquo;Aix &#8211; Ol\u00e9ron (La Cotini\u00e8re) &#8211; Royan &#8211; Arcachon (une semaine dans le bassin&#8230;) &#8211; Cap Breton &#8211; Anglet &#8211; St Jean de Luz &#8211; Hendaye &#8211; San Sebastian &#8211; Getaria &#8211; Pasajes (Pasaia) &#8211; Hendaye &#8211; Port Medoc (belle nav de 142Nq, 32h en mer) &#8211; Royan &#8211; Mortagne s\/Gironde &#8211; Pauillac &#8211; Royan &#8211; Boyardville &#8211; La Rochelle. Au total 163h de nav dont 68h au moteur, 630Nq, 108l de gasoil et 11 \u00e9quipiers \u00e0 bord ! Descendre au pays Basque se m\u00e9rite (ah les entr\u00e9es \u00e0 Arcachon, \u00e0 Cap breton et \u00e0 Anglet&#8230;), mais que c&rsquo;est beau !<\/p>\n<p>Nos escales pour l&rsquo;itin\u00e9raire nord : La Rochelle &#8211; Jars s\/mer &#8211; Ile d&rsquo;Yeu (Port Joinville) &#8211; Noirmoutier (L&rsquo;Herbaudiere) &#8211; Groix (Sables Rouges puis Port Tudy) &#8211; Gl\u00e9nan (St Nicolas) &#8211; Concarneau &#8211; Guidel plage &#8211; Etel &#8211; Port Haliguen &#8211; Golfe du Morbihan (Ile aux Moines) &#8211; Crouesty &#8211; Vannes &#8211; la Turballe &#8211; Pornichet &#8211; Port la Vie &#8211; Port Bourgenay &#8211; R\u00e9 (St Martin de R\u00e9) &#8211; La Faute sur mer &#8211; La Rochelle. Encore 134h de nav pour 465Nq parcourus, dont 49h de moteur, et de tr\u00e8s belles aventures dans les rivi\u00e8res bretonnes !<\/p>\n<p><img loading=\"lazy\" decoding=\"async\" class=\"alignnone wp-image-340 \" src=\"http:\/\/lacoste.link\/wp-content\/uploads\/2023\/12\/phot41-1-scaled.jpg\" alt=\"\" width=\"379\" height=\"674\" srcset=\"https:\/\/lacoste.link\/wp-content\/uploads\/2023\/12\/phot41-1-scaled.jpg 1440w, https:\/\/lacoste.link\/wp-content\/uploads\/2023\/12\/phot41-1-169x300.jpg 169w, https:\/\/lacoste.link\/wp-content\/uploads\/2023\/12\/phot41-1-576x1024.jpg 576w, https:\/\/lacoste.link\/wp-content\/uploads\/2023\/12\/phot41-1-768x1365.jpg 768w, https:\/\/lacoste.link\/wp-content\/uploads\/2023\/12\/phot41-1-270x480.jpg 270w, https:\/\/lacoste.link\/wp-content\/uploads\/2023\/12\/phot41-1-281x500.jpg 281w, https:\/\/lacoste.link\/wp-content\/uploads\/2023\/12\/phot41-1-640x1138.jpg 640w, https:\/\/lacoste.link\/wp-content\/uploads\/2023\/12\/phot41-1-864x1536.jpg 864w, https:\/\/lacoste.link\/wp-content\/uploads\/2023\/12\/phot41-1-1152x2048.jpg 1152w\" sizes=\"(max-width: 379px) 100vw, 379px\" \/> <img loading=\"lazy\" decoding=\"async\" class=\"alignnone size-medium wp-image-328\" src=\"http:\/\/lacoste.link\/wp-content\/uploads\/2023\/12\/phot5031-225x300.jpg\" alt=\"\" width=\"225\" height=\"300\" srcset=\"https:\/\/lacoste.link\/wp-content\/uploads\/2023\/12\/phot5031-225x300.jpg 225w, https:\/\/lacoste.link\/wp-content\/uploads\/2023\/12\/phot5031-768x1024.jpg 768w, https:\/\/lacoste.link\/wp-content\/uploads\/2023\/12\/phot5031-360x480.jpg 360w, https:\/\/lacoste.link\/wp-content\/uploads\/2023\/12\/phot5031-375x500.jpg 375w, https:\/\/lacoste.link\/wp-content\/uploads\/2023\/12\/phot5031-640x853.jpg 640w, https:\/\/lacoste.link\/wp-content\/uploads\/2023\/12\/phot5031-1152x1536.jpg 1152w, https:\/\/lacoste.link\/wp-content\/uploads\/2023\/12\/phot5031-1536x2048.jpg 1536w, https:\/\/lacoste.link\/wp-content\/uploads\/2023\/12\/phot5031-scaled.jpg 1920w\" sizes=\"(max-width: 225px) 100vw, 225px\" \/><img loading=\"lazy\" decoding=\"async\" class=\"alignnone wp-image-341 size-full\" src=\"http:\/\/lacoste.link\/wp-content\/uploads\/2023\/12\/phot42b-1-scaled.jpg\" alt=\"\" width=\"2285\" height=\"2560\" srcset=\"https:\/\/lacoste.link\/wp-content\/uploads\/2023\/12\/phot42b-1-scaled.jpg 2285w, https:\/\/lacoste.link\/wp-content\/uploads\/2023\/12\/phot42b-1-268x300.jpg 268w, https:\/\/lacoste.link\/wp-content\/uploads\/2023\/12\/phot42b-1-914x1024.jpg 914w, https:\/\/lacoste.link\/wp-content\/uploads\/2023\/12\/phot42b-1-768x860.jpg 768w, https:\/\/lacoste.link\/wp-content\/uploads\/2023\/12\/phot42b-1-428x480.jpg 428w, https:\/\/lacoste.link\/wp-content\/uploads\/2023\/12\/phot42b-1-446x500.jpg 446w, https:\/\/lacoste.link\/wp-content\/uploads\/2023\/12\/phot42b-1-640x717.jpg 640w, https:\/\/lacoste.link\/wp-content\/uploads\/2023\/12\/phot42b-1-1371x1536.jpg 1371w, https:\/\/lacoste.link\/wp-content\/uploads\/2023\/12\/phot42b-1-1828x2048.jpg 1828w\" sizes=\"(max-width: 767px) 89vw, (max-width: 1000px) 54vw, (max-width: 1071px) 543px, 580px\" \/><img loading=\"lazy\" decoding=\"async\" class=\"alignnone size-medium wp-image-329\" style=\"font-size: 1rem;\" src=\"http:\/\/lacoste.link\/wp-content\/uploads\/2023\/12\/phot5094-300x225.jpg\" alt=\"\" width=\"300\" height=\"225\" srcset=\"https:\/\/lacoste.link\/wp-content\/uploads\/2023\/12\/phot5094-300x225.jpg 300w, https:\/\/lacoste.link\/wp-content\/uploads\/2023\/12\/phot5094-1024x768.jpg 1024w, https:\/\/lacoste.link\/wp-content\/uploads\/2023\/12\/phot5094-768x576.jpg 768w, https:\/\/lacoste.link\/wp-content\/uploads\/2023\/12\/phot5094-640x480.jpg 640w, https:\/\/lacoste.link\/wp-content\/uploads\/2023\/12\/phot5094-667x500.jpg 667w, https:\/\/lacoste.link\/wp-content\/uploads\/2023\/12\/phot5094-1536x1152.jpg 1536w, https:\/\/lacoste.link\/wp-content\/uploads\/2023\/12\/phot5094-2048x1536.jpg 2048w\" sizes=\"(max-width: 300px) 100vw, 300px\" \/><\/p>\n<p><strong>Juin-Juillet 2022 : Ballade sur la cote sud de l&rsquo;angleterre jusqu&rsquo;aux Scilly.<\/strong> Nos escales : La Rochelle\u00a0\u2013 Ile de R\u00e9<span style=\"font-size: 1rem;\">\u00a0<\/span><em style=\"font-size: 1rem;\">(Saint Martin)<\/em><span style=\"font-size: 1rem;\">\u00a0\u2013\u00a0<\/span>les Sables d\u2019Olonne<span style=\"font-size: 1rem;\">\u00a0<\/span><em style=\"font-size: 1rem;\">(Quai Garnier)<\/em><span style=\"font-size: 1rem;\">\u00a0\u2013\u00a0<\/span>Ile d\u2019Yeu<span style=\"font-size: 1rem;\">\u00a0<\/span><em style=\"font-size: 1rem;\">(Port Joinville)<\/em><span style=\"font-size: 1rem;\">\u00a0\u2013\u00a0<\/span>Noirmoutier<span style=\"font-size: 1rem;\">\u00a0<\/span><em style=\"font-size: 1rem;\">(L\u2019Herbaudiere)<\/em><span style=\"font-size: 1rem;\">\u00a0\u2013\u00a0<\/span>La Baule<span style=\"font-size: 1rem;\">\u00a0<\/span><em style=\"font-size: 1rem;\">(Pornichet)<\/em><span style=\"font-size: 1rem;\">\u00a0\u2013\u00a0<\/span>Le Croisic<span style=\"font-size: 1rem;\">\u00a0<\/span><em style=\"font-size: 1rem;\">(Chambre des Vases)<\/em><span style=\"font-size: 1rem;\">\u00a0\u2013\u00a0<\/span>ile de Houat<span style=\"font-size: 1rem;\">\u00a0<\/span><em style=\"font-size: 1rem;\">(Saint Gildas)<\/em><span style=\"font-size: 1rem;\">\u00a0\u2013\u00a0<\/span>Belle Ile<span style=\"font-size: 1rem;\">\u00a0<\/span><em style=\"font-size: 1rem;\">(Sauzon)<\/em><span style=\"font-size: 1rem;\">\u00a0\u2013\u00a0<\/span>Lorient<span style=\"font-size: 1rem;\">\u00a0<\/span><em style=\"font-size: 1rem;\">(Avant-Port)<\/em><span style=\"font-size: 1rem;\">\u00a0\u2013\u00a0<\/span>Ile de Groix<span style=\"font-size: 1rem;\">\u00a0<\/span><em style=\"font-size: 1rem;\">(Port Tudy)<\/em><span style=\"font-size: 1rem;\">\u00a0\u2013\u00a0<\/span>Port Manech \u2013 Loctudy \u2013 Audierne \u2013 Aber Ildut \u2013 Aber Wrac\u2019h \u2013 Roscoff<span style=\"font-size: 1rem;\">\u00a0<\/span><em style=\"font-size: 1rem;\">(Vieux Port)<\/em><span style=\"font-size: 1rem;\">\u00a0\u2013\u00a0<\/span>Ploumanach \u2013 Ile de Brehat<span style=\"font-size: 1rem;\">\u00a0<\/span><em style=\"font-size: 1rem;\">(La Chambre)<\/em><span style=\"font-size: 1rem;\">\u00a0\u2013\u00a0<\/span>Saint Quay Portrieux \u2013 Ile de Jersey<span style=\"font-size: 1rem;\">\u00a0<\/span><em style=\"font-size: 1rem;\">(Saint Helier)<\/em><span style=\"font-size: 1rem;\">\u00a0\u2013\u00a0<\/span>Ile de Sark<span style=\"font-size: 1rem;\">\u00a0<\/span><em style=\"font-size: 1rem;\">(Havre Gosselin)<\/em><span style=\"font-size: 1rem;\">\u00a0\u2013\u00a0<\/span>Ile d\u2019Aurigny<span style=\"font-size: 1rem;\">\u00a0<\/span><em style=\"font-size: 1rem;\">(Port Braye)<\/em><span style=\"font-size: 1rem;\">\u00a0\u2013\u00a0<\/span>Cherbourg<span style=\"font-size: 1rem;\">\u00a0<\/span><em style=\"font-size: 1rem;\">(Port Chantereyne)<\/em><span style=\"font-size: 1rem;\">\u00a0\u2013\u00a0<\/span>Bembridge \u2013 Portsmouth<span style=\"font-size: 1rem;\">\u00a0<\/span><em style=\"font-size: 1rem;\">(Gunwharf Quay)<\/em><span style=\"font-size: 1rem;\">\u00a0\u2013\u00a0<\/span>Chichester Bay<span style=\"font-size: 1rem;\">\u00a0<\/span><em style=\"font-size: 1rem;\">(Bosham)<\/em><span style=\"font-size: 1rem;\">\u00a0\u2013\u00a0<\/span>Cowes<span style=\"font-size: 1rem;\">\u00a0<\/span><em style=\"font-size: 1rem;\">(Yatchman Haven)<\/em><span style=\"font-size: 1rem;\">\u00a0\u2013\u00a0<\/span>Beaulieu River<span style=\"font-size: 1rem;\">\u00a0<\/span><em style=\"font-size: 1rem;\">(Buchler\u2019s hard)<\/em><span style=\"font-size: 1rem;\">\u00a0\u2013\u00a0<\/span>Southampton<span style=\"font-size: 1rem;\">\u00a0<\/span><em style=\"font-size: 1rem;\">(Town Quay Harbour)<\/em><span style=\"font-size: 1rem;\">\u00a0\u2013\u00a0<\/span>Lymington<span style=\"font-size: 1rem;\">\u00a0<\/span><em style=\"font-size: 1rem;\">(City Pontoon)<\/em><span style=\"font-size: 1rem;\">\u00a0\u2013\u00a0<\/span>Poole<span style=\"font-size: 1rem;\">\u00a0<\/span><em style=\"font-size: 1rem;\">(Yatch Haven)<\/em><span style=\"font-size: 1rem;\">\u00a0\u2013\u00a0<\/span>West Bay \u2013 Dartmouth<span style=\"font-size: 1rem;\">\u00a0<\/span><em style=\"font-size: 1rem;\">(Yatch Club pontoon)<\/em><span style=\"font-size: 1rem;\">\u00a0\u2013\u00a0<\/span>Salcombe \u2013 Plymouth<span style=\"font-size: 1rem;\">\u00a0<\/span><em style=\"font-size: 1rem;\">(Sutton Harbour)<\/em><span style=\"font-size: 1rem;\">\u00a0\u2013\u00a0<\/span>Mevagissey \u2013 Penzance \u2013 Iles Scilly<span style=\"font-size: 1rem;\">\u00a0<\/span><em style=\"font-size: 1rem;\">(St Mary\u2019s)<\/em><span style=\"font-size: 1rem;\">\u00a0\u2013\u00a0<\/span>Iles Scilly<span style=\"font-size: 1rem;\">\u00a0<\/span><em style=\"font-size: 1rem;\">(Tresco, Old Grimsby Harbour)<\/em><span style=\"font-size: 1rem;\">\u00a0\u2013\u00a0<\/span>Aber Ildut \u2013 Camaret sur Mer \u2013 Audierne<span style=\"font-size: 1rem;\">\u00a0<\/span><em style=\"font-size: 1rem;\">(Ste Evette)<\/em><span style=\"font-size: 1rem;\">\u00a0\u2013\u00a0<\/span>Benodet \u2013 Concarneau \u2013 Les Gl\u00e9nans \u2013 Ile de Groix<span style=\"font-size: 1rem;\">\u00a0<\/span><em style=\"font-size: 1rem;\">(Port Tudy)<\/em><span style=\"font-size: 1rem;\">\u00a0\u2013\u00a0<\/span>Quiberon<span style=\"font-size: 1rem;\">\u00a0<\/span><em style=\"font-size: 1rem;\">(Port Haliguen)<\/em><span style=\"font-size: 1rem;\">\u00a0\u2013\u00a0<\/span>Le Croisic<span style=\"font-size: 1rem;\">\u00a0<\/span><em style=\"font-size: 1rem;\">(Chambre des Vases)<\/em><span style=\"font-size: 1rem;\">\u00a0\u2013\u00a0<\/span>Ile d\u2019Yeu<span style=\"font-size: 1rem;\">\u00a0<\/span><em style=\"font-size: 1rem;\">(Port Joinville)<\/em><span style=\"font-size: 1rem;\"> \u2013\u00a0<\/span>Les Sables d\u2019Olonne<span style=\"font-size: 1rem;\">\u00a0<\/span><em style=\"font-size: 1rem;\">(Quai Garnier)<\/em><span style=\"font-size: 1rem;\">\u00a0\u2013\u00a0<\/span>Ile de R\u00e9<span style=\"font-size: 1rem;\">\u00a0<\/span><em style=\"font-size: 1rem;\">(La Flotte en R\u00e9)<\/em><span style=\"font-size: 1rem;\">\u00a0\u2013\u00a0<\/span>La Rochelle.\u00a0 Au total,\u00a0 1440Nq en 54 jours de navigation et 8 jours d\u2019escale (dont 3 forc\u00e9s \u00e0 Jersey pour cause de vent d\u00e9passant les 50nds\u2026), soit une vitesse moyenne de 4,1Nds, pas si mal en sachant que nous \u00e9tions \u00e0 la voile les 2\/3 du temps et que le vent en \u00e9t\u00e9 \u00e9tait souvent modeste. Cot\u00e9 \u00e9quipage le skipper a \u00e9t\u00e9 en solo un tiers du temps, en couple un autre tiers et une dizaine de copains se sont relay\u00e9s le reste du temps ainsi qu&rsquo;un \u00e9quipier recrut\u00e9 sur Voguavecmoi pour les 100Nq de la travers\u00e9e retour. Cont\u00e9e aussi sur le blog du <a href=\"https:\/\/www.bbc-boatbiloupclub.fr\/2022\/08\/07\/2022-juin-juillet-deux-mois-de-croisi%C3%A8re-avec-notre-belle-histoire-biloup-89-bas%C3%A9-%C3%A0-la-rochelle\/\">Biloup Boat Club ici<\/a>.<\/p>\n<p><img loading=\"lazy\" decoding=\"async\" class=\"alignnone size-full wp-image-377\" src=\"http:\/\/lacoste.link\/wp-content\/uploads\/2025\/12\/IMG_2603-scaled.jpg\" alt=\"\" width=\"1920\" height=\"2560\" srcset=\"https:\/\/lacoste.link\/wp-content\/uploads\/2025\/12\/IMG_2603-scaled.jpg 1920w, https:\/\/lacoste.link\/wp-content\/uploads\/2025\/12\/IMG_2603-225x300.jpg 225w, https:\/\/lacoste.link\/wp-content\/uploads\/2025\/12\/IMG_2603-768x1024.jpg 768w, https:\/\/lacoste.link\/wp-content\/uploads\/2025\/12\/IMG_2603-360x480.jpg 360w, https:\/\/lacoste.link\/wp-content\/uploads\/2025\/12\/IMG_2603-375x500.jpg 375w, https:\/\/lacoste.link\/wp-content\/uploads\/2025\/12\/IMG_2603-640x853.jpg 640w, https:\/\/lacoste.link\/wp-content\/uploads\/2025\/12\/IMG_2603-1152x1536.jpg 1152w, https:\/\/lacoste.link\/wp-content\/uploads\/2025\/12\/IMG_2603-1536x2048.jpg 1536w\" sizes=\"(max-width: 767px) 89vw, (max-width: 1000px) 54vw, (max-width: 1071px) 543px, 580px\" \/><\/p>\n<p><strong>Juin 2021 : Tour de la Bretagne de Plouer sur Rance \u00e0 Paimboeuf<\/strong> via Saint Cast, Br\u00e9hat, Perros-Guirec, Batz &#8211; notre premi\u00e8re exp\u00e9rience d&rsquo;\u00e9chouage, Aber Wrac&rsquo;h, Aber Ildut, Camaret, Brest, Audierne, les Gl\u00e9nans, Groix, Belle-\u00eele, Pornichet etc. Petite premi\u00e8re aventure cont\u00e9e<a href=\"https:\/\/www.bbc-boatbiloupclub.fr\/2021\/07\/09\/belle-histoire-fait-son-tour-de-bretagne\/\"> sur le blog du Biloup Boat Club ici.<\/a><\/p>\n<p><img loading=\"lazy\" decoding=\"async\" class=\"size-medium wp-image-271 aligncenter\" src=\"http:\/\/lacoste.link\/wp-content\/uploads\/2023\/11\/brehat-300x199.jpg\" alt=\"\" width=\"300\" height=\"199\" srcset=\"https:\/\/lacoste.link\/wp-content\/uploads\/2023\/11\/brehat-300x199.jpg 300w, https:\/\/lacoste.link\/wp-content\/uploads\/2023\/11\/brehat-172x113.jpg 172w, https:\/\/lacoste.link\/wp-content\/uploads\/2023\/11\/brehat-555x369.jpg 555w, https:\/\/lacoste.link\/wp-content\/uploads\/2023\/11\/brehat.jpg 579w\" sizes=\"(max-width: 300px) 100vw, 300px\" \/><\/p>\n<p>&nbsp;<\/p>\n","protected":false},"excerpt":{"rendered":"<p>Peut \u00eatre que les itin\u00e9raires de nos vagabondages pourront vous donner des id\u00e9es, voire vous convaincre de vous lancer ? Rien de bien aventureux, mais quand m\u00eame pas mal de miles tous les ans : Juin-Juillet 2025 : Ballade en mer d&rsquo;Iroise Encore 49 jours sur l&rsquo;eau dont 38j de navigation et 896Nq parcourus \u00e0 &hellip; <\/p>\n<p class=\"link-more\"><a href=\"https:\/\/lacoste.link\/index.php\/itineraires-et-escales\/\" class=\"more-link\">Continuer la lecture<span class=\"screen-reader-text\"> de &laquo;&nbsp;Itin\u00e9raires et escales&nbsp;&raquo;<\/span><\/a><\/p>\n","protected":false},"author":1,"featured_media":0,"parent":0,"menu_order":0,"comment_status":"closed","ping_status":"closed","template":"","meta":{"footnotes":""},"class_list":["post-239","page","type-page","status-publish","hentry"],"_links":{"self":[{"href":"https:\/\/lacoste.link\/index.php\/wp-json\/wp\/v2\/pages\/239"}],"collection":[{"href":"https:\/\/lacoste.link\/index.php\/wp-json\/wp\/v2\/pages"}],"about":[{"href":"https:\/\/lacoste.link\/index.php\/wp-json\/wp\/v2\/types\/page"}],"author":[{"embeddable":true,"href":"https:\/\/lacoste.link\/index.php\/wp-json\/wp\/v2\/users\/1"}],"replies":[{"embeddable":true,"href":"https:\/\/lacoste.link\/index.php\/wp-json\/wp\/v2\/comments?post=239"}],"version-history":[{"count":10,"href":"https:\/\/lacoste.link\/index.php\/wp-json\/wp\/v2\/pages\/239\/revisions"}],"predecessor-version":[{"id":378,"href":"https:\/\/lacoste.link\/index.php\/wp-json\/wp\/v2\/pages\/239\/revisions\/378"}],"wp:attachment":[{"href":"https:\/\/lacoste.link\/index.php\/wp-json\/wp\/v2\/media?parent=239"}],"curies":[{"name":"wp","href":"https:\/\/api.w.org\/{rel}","templated":true}]}}