{"id":210,"date":"2020-12-26T17:48:20","date_gmt":"2020-12-26T16:48:20","guid":{"rendered":"http:\/\/lacoste.link\/?page_id=210"},"modified":"2020-12-26T17:48:20","modified_gmt":"2020-12-26T16:48:20","slug":"cabanon-de-jardin","status":"publish","type":"page","link":"https:\/\/lacoste.link\/index.php\/cabanon-de-jardin\/","title":{"rendered":"Cabanon de jardin"},"content":{"rendered":"\n<p>En 2020 nous avons tous \u00e9t\u00e9 longtemps confin\u00e9s, ce qui a permis de mener \u00e0 bien un petit projet rigolo : Un cabanon de jardin habitable de 5 m\u00e8tres carr\u00e9s (surface qui \u00e9vite la d\u00e9claration de travaux mais bien \u00e9videmment le PLU doit \u00eatre respect\u00e9, \u00e0 v\u00e9rifier avec votre mairie).  La chose finie c&rsquo;est \u00e7a :<\/p>\n\n\n\n<div class=\"wp-block-image\"><figure class=\"aligncenter is-resized\"><img loading=\"lazy\" decoding=\"async\" src=\"http:\/\/lacoste.link\/wp-content\/uploads\/2020\/12\/IMG_0146-768x1024.png\" alt=\"\" class=\"wp-image-211\" width=\"250\" height=\"332\" srcset=\"https:\/\/lacoste.link\/wp-content\/uploads\/2020\/12\/IMG_0146-768x1024.png 768w, https:\/\/lacoste.link\/wp-content\/uploads\/2020\/12\/IMG_0146-225x300.png 225w, https:\/\/lacoste.link\/wp-content\/uploads\/2020\/12\/IMG_0146-360x480.png 360w, https:\/\/lacoste.link\/wp-content\/uploads\/2020\/12\/IMG_0146-375x500.png 375w, https:\/\/lacoste.link\/wp-content\/uploads\/2020\/12\/IMG_0146-640x853.png 640w, https:\/\/lacoste.link\/wp-content\/uploads\/2020\/12\/IMG_0146.png 960w\" sizes=\"(max-width: 250px) 100vw, 250px\" \/><\/figure><\/div>\n\n\n\n<p>Juste pour donner \u00e9ventuellement des id\u00e9es au lecteur, et sans pr\u00e9tention car les techniques utilis\u00e9es ne sont pas forc\u00e9ment orthodoxes, voici comment je m&rsquo;y suis pris : <\/p>\n\n\n\n<p>Tout d&rsquo;abord, un plan en 3D complet, histoire de se mettre d&rsquo;accord sur le projet et de d\u00e9finir la liste du mat\u00e9riel a commander (et les quantit\u00e9s de planches et poteaux&#8230;). J&rsquo;ai utilis\u00e9 pour cela ViaCad, puis ai utilis\u00e9 le mod\u00e8le 3D pour g\u00e9n\u00e9rer les plans de chaque \u00e9l\u00e9ment de la structure, coup\u00e9 directement selon le plan et ensuite assembl\u00e9 (\u00e0 part les lambris et bardages qui ont \u00e9t\u00e9 coup\u00e9s sur mesure une fois la structure mont\u00e9e). Ca c&rsquo;est plut\u00f4t bien pass\u00e9&#8230;<\/p>\n\n\n\n<div class=\"wp-block-image\"><figure class=\"aligncenter is-resized\"><img loading=\"lazy\" decoding=\"async\" src=\"http:\/\/lacoste.link\/wp-content\/uploads\/2020\/12\/modele-3d.jpg\" alt=\"\" class=\"wp-image-209\" width=\"338\" height=\"396\" srcset=\"https:\/\/lacoste.link\/wp-content\/uploads\/2020\/12\/modele-3d.jpg 681w, https:\/\/lacoste.link\/wp-content\/uploads\/2020\/12\/modele-3d-255x300.jpg 255w, https:\/\/lacoste.link\/wp-content\/uploads\/2020\/12\/modele-3d-409x480.jpg 409w, https:\/\/lacoste.link\/wp-content\/uploads\/2020\/12\/modele-3d-426x500.jpg 426w, https:\/\/lacoste.link\/wp-content\/uploads\/2020\/12\/modele-3d-640x752.jpg 640w\" sizes=\"(max-width: 338px) 100vw, 338px\" \/><\/figure><\/div>\n\n\n\n<p>Pour l&rsquo;ancrage au sol, 4 mini-fondations de 30x30x30cm, remplies de b\u00e9ton avec un pied m\u00e9tallique fix\u00e9 sur une premi\u00e8re poutre (90&#215;90) et maintenu \u00e0 niveau pendant le s\u00e9chage. Le reste de la structure a \u00e9t\u00e9 ensuite mont\u00e9 petit \u00e0 petit, avec du 90&#215;90 pour le plancher et du 45&#215;145 et du 45&#215;45 pour le reste. Quelques illustrations :<\/p>\n\n\n\n<div class=\"wp-block-image\"><figure class=\"aligncenter is-resized\"><img loading=\"lazy\" decoding=\"async\" src=\"http:\/\/lacoste.link\/wp-content\/uploads\/2020\/12\/20201031_143107_resized_1-1024x768.jpg\" alt=\"\" class=\"wp-image-201\" width=\"321\" height=\"241\" srcset=\"https:\/\/lacoste.link\/wp-content\/uploads\/2020\/12\/20201031_143107_resized_1-1024x768.jpg 1024w, https:\/\/lacoste.link\/wp-content\/uploads\/2020\/12\/20201031_143107_resized_1-300x225.jpg 300w, https:\/\/lacoste.link\/wp-content\/uploads\/2020\/12\/20201031_143107_resized_1-768x576.jpg 768w, https:\/\/lacoste.link\/wp-content\/uploads\/2020\/12\/20201031_143107_resized_1-640x480.jpg 640w, https:\/\/lacoste.link\/wp-content\/uploads\/2020\/12\/20201031_143107_resized_1-667x500.jpg 667w, https:\/\/lacoste.link\/wp-content\/uploads\/2020\/12\/20201031_143107_resized_1.jpg 1152w\" sizes=\"(max-width: 321px) 100vw, 321px\" \/><\/figure><\/div>\n\n\n\n<div class=\"wp-block-image\"><figure class=\"aligncenter is-resized\"><img loading=\"lazy\" decoding=\"async\" src=\"http:\/\/lacoste.link\/wp-content\/uploads\/2020\/12\/20201108_120539_resized-768x1024.jpg\" alt=\"\" class=\"wp-image-200\" width=\"323\" height=\"431\" srcset=\"https:\/\/lacoste.link\/wp-content\/uploads\/2020\/12\/20201108_120539_resized-768x1024.jpg 768w, https:\/\/lacoste.link\/wp-content\/uploads\/2020\/12\/20201108_120539_resized-225x300.jpg 225w, https:\/\/lacoste.link\/wp-content\/uploads\/2020\/12\/20201108_120539_resized-360x480.jpg 360w, https:\/\/lacoste.link\/wp-content\/uploads\/2020\/12\/20201108_120539_resized-375x500.jpg 375w, https:\/\/lacoste.link\/wp-content\/uploads\/2020\/12\/20201108_120539_resized-640x853.jpg 640w, https:\/\/lacoste.link\/wp-content\/uploads\/2020\/12\/20201108_120539_resized.jpg 1728w\" sizes=\"(max-width: 323px) 100vw, 323px\" \/><\/figure><\/div>\n\n\n\n<div class=\"wp-block-image\"><figure class=\"aligncenter is-resized\"><img loading=\"lazy\" decoding=\"async\" src=\"http:\/\/lacoste.link\/wp-content\/uploads\/2020\/12\/P1090237-683x1024.jpg\" alt=\"\" class=\"wp-image-212\" width=\"316\" height=\"474\" srcset=\"https:\/\/lacoste.link\/wp-content\/uploads\/2020\/12\/P1090237-683x1024.jpg 683w, https:\/\/lacoste.link\/wp-content\/uploads\/2020\/12\/P1090237-200x300.jpg 200w, https:\/\/lacoste.link\/wp-content\/uploads\/2020\/12\/P1090237-768x1152.jpg 768w, https:\/\/lacoste.link\/wp-content\/uploads\/2020\/12\/P1090237-320x480.jpg 320w, https:\/\/lacoste.link\/wp-content\/uploads\/2020\/12\/P1090237-333x500.jpg 333w, https:\/\/lacoste.link\/wp-content\/uploads\/2020\/12\/P1090237-640x960.jpg 640w\" sizes=\"(max-width: 316px) 100vw, 316px\" \/><\/figure><\/div>\n\n\n\n<p>Pour le sol, des tasseaux de 30&#215;30 maintiennent des planches de fond, recouvertes d&rsquo;une couche de laine de bois de 45 d&rsquo;\u00e9paisseur et d&rsquo;une seconde planche (qui est au final recouverte de parquet de r\u00e9cup\u00e9ration).<\/p>\n\n\n\n<div class=\"wp-block-image\"><figure class=\"aligncenter is-resized\"><img loading=\"lazy\" decoding=\"async\" src=\"http:\/\/lacoste.link\/wp-content\/uploads\/2020\/12\/20201120_135824_resized-1024x768.jpg\" alt=\"\" class=\"wp-image-203\" width=\"325\" height=\"244\" srcset=\"https:\/\/lacoste.link\/wp-content\/uploads\/2020\/12\/20201120_135824_resized-1024x768.jpg 1024w, https:\/\/lacoste.link\/wp-content\/uploads\/2020\/12\/20201120_135824_resized-300x225.jpg 300w, https:\/\/lacoste.link\/wp-content\/uploads\/2020\/12\/20201120_135824_resized-768x576.jpg 768w, https:\/\/lacoste.link\/wp-content\/uploads\/2020\/12\/20201120_135824_resized-640x480.jpg 640w, https:\/\/lacoste.link\/wp-content\/uploads\/2020\/12\/20201120_135824_resized-667x500.jpg 667w\" sizes=\"(max-width: 325px) 100vw, 325px\" \/><\/figure><\/div>\n\n\n\n<div class=\"wp-block-image\"><figure class=\"aligncenter is-resized\"><img loading=\"lazy\" decoding=\"async\" src=\"http:\/\/lacoste.link\/wp-content\/uploads\/2020\/12\/20201120_144224_resized-1024x768.jpg\" alt=\"\" class=\"wp-image-204\" width=\"330\" height=\"248\" srcset=\"https:\/\/lacoste.link\/wp-content\/uploads\/2020\/12\/20201120_144224_resized-1024x768.jpg 1024w, https:\/\/lacoste.link\/wp-content\/uploads\/2020\/12\/20201120_144224_resized-300x225.jpg 300w, https:\/\/lacoste.link\/wp-content\/uploads\/2020\/12\/20201120_144224_resized-768x576.jpg 768w, https:\/\/lacoste.link\/wp-content\/uploads\/2020\/12\/20201120_144224_resized-640x480.jpg 640w, https:\/\/lacoste.link\/wp-content\/uploads\/2020\/12\/20201120_144224_resized-667x500.jpg 667w\" sizes=\"(max-width: 330px) 100vw, 330px\" \/><\/figure><\/div>\n\n\n\n<p>Pour les murs, j&rsquo;ai commenc\u00e9 par fixer cot\u00e9 ext\u00e9rieur un film antipluie avec des petits tasseaux, recouverts de bardage en pin. Ceci permet de laisser circuler de l&rsquo;air derri\u00e8re les bardages comme j&rsquo;ai lu qu&rsquo;il fallait faire, en n&rsquo;oubliant pas un bout de grillage agraph\u00e9 en haut et en bas pour \u00e9viter que les bestioles n&rsquo;aillent nicher derri\u00e8re&#8230;  Cot\u00e9 int\u00e9rieur la structure est ensuite remplie avec de la laisse de bois de 45 et des lambris de d\u00e9coration, en passant bien s\u00fbr quelques fils \u00e9lectriques sous gaine dans l&rsquo;isolant, selon le besoin. <\/p>\n\n\n\n<div class=\"wp-block-image\"><figure class=\"aligncenter is-resized\"><img loading=\"lazy\" decoding=\"async\" src=\"http:\/\/lacoste.link\/wp-content\/uploads\/2020\/12\/20201121_122734_resized-768x1024.jpg\" alt=\"\" class=\"wp-image-205\" width=\"341\" height=\"454\" srcset=\"https:\/\/lacoste.link\/wp-content\/uploads\/2020\/12\/20201121_122734_resized-768x1024.jpg 768w, https:\/\/lacoste.link\/wp-content\/uploads\/2020\/12\/20201121_122734_resized-225x300.jpg 225w, https:\/\/lacoste.link\/wp-content\/uploads\/2020\/12\/20201121_122734_resized-360x480.jpg 360w, https:\/\/lacoste.link\/wp-content\/uploads\/2020\/12\/20201121_122734_resized-375x500.jpg 375w, https:\/\/lacoste.link\/wp-content\/uploads\/2020\/12\/20201121_122734_resized-640x853.jpg 640w, https:\/\/lacoste.link\/wp-content\/uploads\/2020\/12\/20201121_122734_resized.jpg 1728w\" sizes=\"(max-width: 341px) 100vw, 341px\" \/><\/figure><\/div>\n\n\n\n<p>Le toit est r\u00e9alis\u00e9 un peu de la m\u00eame mani\u00e8re, avec film anti-pluie agraph\u00e9, recouvert de dalles \u00ab\u00a0easy-tuiles\u00a0\u00bb, puis par l&rsquo;int\u00e9rieur de la laine de bois et des lambris (en pratique il est plus facile de poser quelques lambris et de glisser la laine de boise derriere plut\u00f4t que de tout prendre sur la t\u00eate&#8230;). <\/p>\n\n\n\n<div class=\"wp-block-image\"><figure class=\"aligncenter is-resized\"><img loading=\"lazy\" decoding=\"async\" src=\"http:\/\/lacoste.link\/wp-content\/uploads\/2020\/12\/20201122_123935_resized-768x1024.jpg\" alt=\"\" class=\"wp-image-206\" width=\"348\" height=\"463\" srcset=\"https:\/\/lacoste.link\/wp-content\/uploads\/2020\/12\/20201122_123935_resized-768x1024.jpg 768w, https:\/\/lacoste.link\/wp-content\/uploads\/2020\/12\/20201122_123935_resized-225x300.jpg 225w, https:\/\/lacoste.link\/wp-content\/uploads\/2020\/12\/20201122_123935_resized-360x480.jpg 360w, https:\/\/lacoste.link\/wp-content\/uploads\/2020\/12\/20201122_123935_resized-375x500.jpg 375w, https:\/\/lacoste.link\/wp-content\/uploads\/2020\/12\/20201122_123935_resized-640x853.jpg 640w, https:\/\/lacoste.link\/wp-content\/uploads\/2020\/12\/20201122_123935_resized.jpg 1728w\" sizes=\"(max-width: 348px) 100vw, 348px\" \/><\/figure><\/div>\n\n\n\n<p>La porte a \u00e9t\u00e9 r\u00e9alis\u00e9e avec une planche de 30mm d\u00e9coup\u00e9e pour accueillir une petite fen\u00eatre et recouverte, comme les murs, de bardage et de lambris. Enfin la fen\u00eatre principale est un simple double-vitrage command\u00e9 sur mesure, trois fois plus \u00e9conomique qu&rsquo;une fen\u00eatre toute faite, maintenu par des tasseaux et des joints. Et le r\u00e9sultat :<\/p>\n\n\n\n<div class=\"wp-block-image\"><figure class=\"aligncenter is-resized\"><img loading=\"lazy\" decoding=\"async\" src=\"http:\/\/lacoste.link\/wp-content\/uploads\/2020\/12\/IMG_0146-768x1024.png\" alt=\"\" class=\"wp-image-211\" width=\"443\" height=\"590\" srcset=\"https:\/\/lacoste.link\/wp-content\/uploads\/2020\/12\/IMG_0146-768x1024.png 768w, https:\/\/lacoste.link\/wp-content\/uploads\/2020\/12\/IMG_0146-225x300.png 225w, https:\/\/lacoste.link\/wp-content\/uploads\/2020\/12\/IMG_0146-360x480.png 360w, https:\/\/lacoste.link\/wp-content\/uploads\/2020\/12\/IMG_0146-375x500.png 375w, https:\/\/lacoste.link\/wp-content\/uploads\/2020\/12\/IMG_0146-640x853.png 640w, https:\/\/lacoste.link\/wp-content\/uploads\/2020\/12\/IMG_0146.png 960w\" sizes=\"(max-width: 443px) 100vw, 443px\" \/><\/figure><\/div>\n\n\n\n<p>Bilan ? Cette petite construction a n\u00e9cessit\u00e9 \u00e0 peu pr\u00e8s 2000Eur de mat\u00e9riaux et ce sans se priver sur la qualit\u00e9 (dont pour les postes principaux :450Eur pour les bardages ext\u00e9rieurs, 300Eur pour les lambris int\u00e9rieurs, 250Eur de poteaux, tasseaux, visserie, etc, 150Eur pour la grande fen\u00eatre, 150Eur pour les dalles de toit, 130Eur pour l&rsquo;isolation, etc). Et bien s\u00fbr une dizaine de journ\u00e9es de bricolage \u00e9tal\u00e9es sur un mois ou deux, mais avec beaucoup de plaisir et peu de mauvaises surprises (\u00e0 part quelques fuites caus\u00e9es par les vis soit disant \u00ab\u00a0\u00e9tanches\u00a0\u00bb de maintien des dalles de toit, mais du joint silicone a r\u00e9solu rapidement le probl\u00e8me). <\/p>\n\n\n\n<p>Cot\u00e9 outillage \u00e9videmment \u00e7a se passe bien si on a ce qu&rsquo;il faut. Mon conseil est donc de ne pas h\u00e9siter vu qu&rsquo;on trouve facilement des outils tr\u00e8s bon march\u00e9 pour un usage occasionnel, ou qu&rsquo;il est assez facile d&rsquo;en emprunter pour quelques jours&#8230; Outre le mat\u00e9riel classique (scie sauteuse, perceuse, etc), une bonne scie \u00e0 onglet \u00e9lectrique est un must pour les bardages et lambris. Pour cette r\u00e9alisation, je me suis aussi offert une petite cloueuse pneumatique et son compresseur. Ce n&rsquo;est pas indispensable mais c&rsquo;est vraiment extra de pouvoir enfoncer des clous de 50mm sans effort, et \u00e7a fait gagner un temps fou !<\/p>\n\n\n\n<p>Voil\u00e0, \u00e0 vous de jouer, j&rsquo;esp\u00e8re que je vous ai donn\u00e9 envie de vous l\u00e2cher ! Et n&rsquo;h\u00e9sitez pas \u00e0 me contacter si besoin, ou simplement pour \u00e9changer.<br><\/p>\n","protected":false},"excerpt":{"rendered":"<p>En 2020 nous avons tous \u00e9t\u00e9 longtemps confin\u00e9s, ce qui a permis de mener \u00e0 bien un petit projet rigolo : Un cabanon de jardin habitable de 5 m\u00e8tres carr\u00e9s (surface qui \u00e9vite la d\u00e9claration de travaux mais bien \u00e9videmment le PLU doit \u00eatre respect\u00e9, \u00e0 v\u00e9rifier avec votre mairie). La chose finie c&rsquo;est \u00e7a &hellip; <\/p>\n<p class=\"link-more\"><a href=\"https:\/\/lacoste.link\/index.php\/cabanon-de-jardin\/\" class=\"more-link\">Continuer la lecture<span class=\"screen-reader-text\"> de &laquo;&nbsp;Cabanon de jardin&nbsp;&raquo;<\/span><\/a><\/p>\n","protected":false},"author":1,"featured_media":0,"parent":0,"menu_order":0,"comment_status":"closed","ping_status":"closed","template":"","meta":{"footnotes":""},"class_list":["post-210","page","type-page","status-publish","hentry"],"_links":{"self":[{"href":"https:\/\/lacoste.link\/index.php\/wp-json\/wp\/v2\/pages\/210"}],"collection":[{"href":"https:\/\/lacoste.link\/index.php\/wp-json\/wp\/v2\/pages"}],"about":[{"href":"https:\/\/lacoste.link\/index.php\/wp-json\/wp\/v2\/types\/page"}],"author":[{"embeddable":true,"href":"https:\/\/lacoste.link\/index.php\/wp-json\/wp\/v2\/users\/1"}],"replies":[{"embeddable":true,"href":"https:\/\/lacoste.link\/index.php\/wp-json\/wp\/v2\/comments?post=210"}],"version-history":[{"count":1,"href":"https:\/\/lacoste.link\/index.php\/wp-json\/wp\/v2\/pages\/210\/revisions"}],"predecessor-version":[{"id":213,"href":"https:\/\/lacoste.link\/index.php\/wp-json\/wp\/v2\/pages\/210\/revisions\/213"}],"wp:attachment":[{"href":"https:\/\/lacoste.link\/index.php\/wp-json\/wp\/v2\/media?parent=210"}],"curies":[{"name":"wp","href":"https:\/\/api.w.org\/{rel}","templated":true}]}}