{"id":21,"date":"2019-01-21T22:53:33","date_gmt":"2019-01-21T21:53:33","guid":{"rendered":"http:\/\/lacoste.link\/?page_id=21"},"modified":"2019-09-29T15:45:16","modified_gmt":"2019-09-29T13:45:16","slug":"publications","status":"publish","type":"page","link":"https:\/\/lacoste.link\/index.php\/publications\/","title":{"rendered":"Publications"},"content":{"rendered":"\n<p>Depuis Juin 2007, je publie tous les deux mois un article dans la revue am\u00e9ricaine <a href=\"http:\/\/www.circuitcellar.com\">Circuit Cellar<\/a>, dans une rubrique baptis\u00e9e <strong>The Darker Side<\/strong>. Cette rubrique est d\u00e9di\u00e9e aux aspects de l&rsquo;\u00e9lectronique souvent jug\u00e9s, \u00e0 tort ou \u00e0 raison, un peu \u00ab&nbsp;ardus&nbsp;\u00bb&#8230;&nbsp;  <\/p>\n\n\n\n<p><a href=\"http:\/\/lacoste.link\/index.php\/publications-circuit-cellar\/\">La liste de mes articles publi\u00e9s dans Circuit Cellar est disponible ici<\/a><\/p>\n\n\n\n<div class=\"wp-block-image\"><figure class=\"aligncenter\"><img loading=\"lazy\" decoding=\"async\" width=\"284\" height=\"90\" src=\"http:\/\/lacoste.link\/wp-content\/uploads\/2019\/02\/CircuitCellar-Logo.png\" alt=\"\" class=\"wp-image-36\"\/><\/figure><\/div>\n\n\n\n<hr class=\"wp-block-separator\"\/>\n\n\n\n<p> Depuis Juin 2014, je contribue \u00e9galement \u00e0 la revue <a href=\"https:\/\/www.elektor.fr\/\">Elektor<\/a>,   via une rubrique de vulgarisation bi-mensuelle baptis\u00e9e \u00ab&nbsp;<strong>Hors   Circuits<\/strong>&nbsp;\u00bb et publi\u00e9s dans les \u00e9ditions fran\u00e7aises, hollandaises et   allemandes.  <\/p>\n\n\n\n<p><a href=\"http:\/\/lacoste.link\/index.php\/publications-elektor\/\">&nbsp;La liste de mes articles publi\u00e9s dans Elektor est disponible ici<\/a><\/p>\n\n\n\n<div class=\"wp-block-image\"><figure class=\"aligncenter\"><img loading=\"lazy\" decoding=\"async\" width=\"211\" height=\"70\" src=\"http:\/\/lacoste.link\/wp-content\/uploads\/2019\/02\/logo_elektor.gif\" alt=\"\" class=\"wp-image-52\"\/><\/figure><\/div>\n\n\n\n<hr class=\"wp-block-separator\"\/>\n\n\n\n<p>J&rsquo;ai \u00e9galement contribu\u00e9 \u00e0 des articles dans Microwave &amp; RF, en collaboration avec mes coll\u00e8gues. <\/p>\n\n\n\n<p><a href=\"http:\/\/lacoste.link\/index.php\/publications-microwaves-rf\/\">La liste de mes articles publi\u00e9s dans Microwave&amp;RF est disponible ici <\/a><\/p>\n\n\n\n<div class=\"wp-block-image\"><figure class=\"aligncenter\"><img loading=\"lazy\" decoding=\"async\" width=\"287\" height=\"30\" src=\"http:\/\/lacoste.link\/wp-content\/uploads\/2019\/02\/logo_mwrf.png\" alt=\"\" class=\"wp-image-70\"\/><\/figure><\/div>\n\n\n\n<hr class=\"wp-block-separator\"\/>\n\n\n\n<p>Retrouvez aussi mes ouvrages publi\u00e9s chez Dunod, Elsevier et Elektor, <a href=\"http:\/\/lacoste.link\/index.php\/ouvrages\/\">la liste est ici<\/a>.<\/p>\n\n\n\n<div class=\"wp-block-image\"><figure class=\"aligncenter\"><img loading=\"lazy\" decoding=\"async\" width=\"150\" height=\"150\" src=\"http:\/\/lacoste.link\/wp-content\/uploads\/2019\/02\/darkerside-150x150.jpg\" alt=\"\" class=\"wp-image-79\" srcset=\"https:\/\/lacoste.link\/wp-content\/uploads\/2019\/02\/darkerside-150x150.jpg 150w, https:\/\/lacoste.link\/wp-content\/uploads\/2019\/02\/darkerside-100x100.jpg 100w\" sizes=\"(max-width: 150px) 100vw, 150px\" \/><\/figure><\/div>\n\n\n\n<div class=\"wp-block-image\"><figure class=\"aligncenter\"><img loading=\"lazy\" decoding=\"async\" width=\"150\" height=\"150\" src=\"http:\/\/lacoste.link\/wp-content\/uploads\/2019\/02\/ecoconception-150x150.jpg\" alt=\"\" class=\"wp-image-80\" srcset=\"https:\/\/lacoste.link\/wp-content\/uploads\/2019\/02\/ecoconception-150x150.jpg 150w, https:\/\/lacoste.link\/wp-content\/uploads\/2019\/02\/ecoconception-100x100.jpg 100w\" sizes=\"(max-width: 150px) 100vw, 150px\" \/><\/figure><\/div>\n\n\n\n<div class=\"wp-block-image\"><figure class=\"aligncenter is-resized\"><img loading=\"lazy\" decoding=\"async\" src=\"http:\/\/lacoste.link\/wp-content\/uploads\/2019\/09\/mystereselec.jpg\" alt=\"\" class=\"wp-image-172\" width=\"121\" height=\"186\" srcset=\"https:\/\/lacoste.link\/wp-content\/uploads\/2019\/09\/mystereselec.jpg 485w, https:\/\/lacoste.link\/wp-content\/uploads\/2019\/09\/mystereselec-196x300.jpg 196w, https:\/\/lacoste.link\/wp-content\/uploads\/2019\/09\/mystereselec-314x480.jpg 314w, https:\/\/lacoste.link\/wp-content\/uploads\/2019\/09\/mystereselec-327x500.jpg 327w\" sizes=\"(max-width: 121px) 100vw, 121px\" \/><\/figure><\/div>\n","protected":false},"excerpt":{"rendered":"<p>Depuis Juin 2007, je publie tous les deux mois un article dans la revue am\u00e9ricaine Circuit Cellar, dans une rubrique baptis\u00e9e The Darker Side. Cette rubrique est d\u00e9di\u00e9e aux aspects de l&rsquo;\u00e9lectronique souvent jug\u00e9s, \u00e0 tort ou \u00e0 raison, un peu \u00ab&nbsp;ardus&nbsp;\u00bb&#8230;&nbsp; La liste de mes articles publi\u00e9s dans Circuit Cellar est disponible ici Depuis &hellip; <\/p>\n<p class=\"link-more\"><a href=\"https:\/\/lacoste.link\/index.php\/publications\/\" class=\"more-link\">Continuer la lecture<span class=\"screen-reader-text\"> de &laquo;&nbsp;Publications&nbsp;&raquo;<\/span><\/a><\/p>\n","protected":false},"author":1,"featured_media":0,"parent":0,"menu_order":0,"comment_status":"closed","ping_status":"closed","template":"","meta":{"footnotes":""},"class_list":["post-21","page","type-page","status-publish","hentry"],"_links":{"self":[{"href":"https:\/\/lacoste.link\/index.php\/wp-json\/wp\/v2\/pages\/21"}],"collection":[{"href":"https:\/\/lacoste.link\/index.php\/wp-json\/wp\/v2\/pages"}],"about":[{"href":"https:\/\/lacoste.link\/index.php\/wp-json\/wp\/v2\/types\/page"}],"author":[{"embeddable":true,"href":"https:\/\/lacoste.link\/index.php\/wp-json\/wp\/v2\/users\/1"}],"replies":[{"embeddable":true,"href":"https:\/\/lacoste.link\/index.php\/wp-json\/wp\/v2\/comments?post=21"}],"version-history":[{"count":15,"href":"https:\/\/lacoste.link\/index.php\/wp-json\/wp\/v2\/pages\/21\/revisions"}],"predecessor-version":[{"id":177,"href":"https:\/\/lacoste.link\/index.php\/wp-json\/wp\/v2\/pages\/21\/revisions\/177"}],"wp:attachment":[{"href":"https:\/\/lacoste.link\/index.php\/wp-json\/wp\/v2\/media?parent=21"}],"curies":[{"name":"wp","href":"https:\/\/api.w.org\/{rel}","templated":true}]}}